be o(-3). Let w be (8/(-16))/(15/(-2520)). What is the greatest common factor of y and w?
21
Let s = 830 + -818. Let m(z) = z**2 + 6*z + 8. Let b be m(-5). Suppose 3*i - 23 - 16 = -5*t, -t - 3 = -b*i. Calculate the highest common divisor of s and t.
6
Let f = -14 - -90. Suppose 0 = -15*b + 17*b - f. What is the greatest common divisor of b and 133?
19
Let c(z) = z**2 - 4*z - 145. Let f be c(14). Let y(r) = r**3 + 6*r**2 + 4*r + 17. Let u be y(f). What is the greatest common factor of u and 2?
2
Let a(y) = -40*y + 192. Let f(o) = 200*o - 960. Let p(i) = 24*a(i) + 5*f(i). Let s be p(6). What is the highest common divisor of 216 and s?
24
Let t = -87 + 88. Suppose 4*x = 2*b - 20, -b = 2*x - 6*x - 24. Let k be 4*x/4*-1. What is the highest common factor of k and t?
1
Let b(x) = 1 + 1 - x + 6*x + 2*x**2 - 4*x**3 - 4*x. Let l = 155 + -159. Let k be b(l). What is the greatest common divisor of k and 26?
26
Suppose 3*n = -3*q + 75, -4*q = -n + 4*n - 73. Let r = 51 - n. Let x = 933 - 873. What is the highest common divisor of r and x?
12
Let t be -30*((-162)/12)/9. Let n = -28 + t. Calculate the highest common factor of n and 68.
17
Suppose 3*r = -9*r + 7*r + 140. Suppose -5*j + 6 + 99 = 0. Calculate the greatest common divisor of j and r.
7
Suppose 2*j - 566 = 5*w - 3581, -4221 = -7*w + 2*j. Calculate the greatest common factor of 117 and w.
9
Suppose 16*f + 4693 - 4756 = -5*f. What is the greatest common divisor of f and 2859?
3
Suppose 0 = 4*r + 4, -4*c - r - r - 18 = 0. Let y be c/(-10) - 2424/30*-2. Suppose -4*m - 18 = -5*m. What is the greatest common divisor of m and y?
18
Let y(v) = 7*v + 24. Let h(b) = -2*b - 1. Let s(j) = 3*h(j) + y(j). Let i be s(27). What is the highest common factor of i and 36?
12
Suppose -200 = -6*g + g. Let r(u) = u**3 + 5*u**2 + 5*u - 20. Let m be r(-7). Let c = -93 - m. What is the greatest common factor of c and g?
20
Suppose 152*f = 198*f - 276. What is the greatest common divisor of 15978 and f?
6
Suppose -5*v - 40 = 3*y, 5*y + 96 = -v - 0*v. Let k = 24 + y. Let t be 27 - k - 2/(-2). What is the greatest common factor of 216 and t?
24
Suppose 90*h - 100*h = 480. Let g be (-560)/60*(-1)/((-2)/h). Calculate the highest common divisor of g and 4.
4
Let k be (12/(-10) - -1)/((-8)/40). Let v be (-2)/10*(-11 + k). What is the highest common factor of v and 4?
2
Let o be 57 - 14*1/2. What is the highest common divisor of o and 42250?
50
Suppose 2*m = 3*m - 5. Let c be -140*(1/2)/((-1)/3). Let z be c/(-60)*40/(-14). What is the greatest common divisor of m and z?
5
Let j = 7127 + -6177. What is the highest common factor of 5130 and j?
190
Let s be -4 + 3 + 207/3. Suppose -2*c = -2*d - 0*d - 1156, 5*d = 0. Calculate the greatest common divisor of c and s.
34
Let f(l) = 23*l**3 - 2*l**2 - 1. Let s = -60 - -58. Let x be 2 + (-5)/((-10)/s). Let d be f(x). What is the greatest common factor of d and 90?
10
Let l be 1 + (-4)/((-2 + 8)/(-3)). Let g be (-72)/(-30) - 2/5. Suppose 4*b = g*f + f - 83, 5*f - 119 = -l*b. Calculate the highest common divisor of 150 and f.
25
Let p(m) = 496*m**3 - 7*m**2 + 16*m + 6. Let t be p(2). Calculate the greatest common divisor of t and 36.
18
Let x = 3994 - 2980. What is the highest common divisor of x and 18?
6
Let r(h) = 10*h + 6293. Let d be r(-77). What is the greatest common factor of 126 and d?
21
Let j be 4 - 69/17 - (-49275)/153. Calculate the greatest common divisor of 4347 and j.
161
Suppose 44*u - 47*u - 9 = 0. Let k be ((-28)/49)/(183/63 + u). Suppose k*c = 5*c + 21. Calculate the greatest common divisor of 63 and c.
21
Let t = 1626 + -1601. Suppose -5*c = 3*g - 10, 0 = -0*g - g - c + 4. What is the greatest common factor of t and g?
5
Let s be 4 + ((-624)/(-36))/((-1)/(-45)). Suppose 4*z + 0*z + 4 = 0, -3*b + s = -4*z. What is the greatest common divisor of 156 and b?
52
Let c(a) = -a**3 + 21*a**2 - 9*a - 55. Let u be c(19). Suppose -5*r = -128 - 27. Calculate the greatest common divisor of r and u.
31
Let p(s) = 42*s**2 - 530*s + 3. Let h be p(-7). Calculate the highest common divisor of 29 and h.
29
Let p(g) = 7*g - 64. Let o be p(17). Suppose 0 = 4*x + 4*u - 28, -3*x + 6*x + 4*u - 23 = 0. What is the highest common divisor of o and x?
5
Let f(s) = 3 + 10 + 0*s**3 + 9*s**2 - s**3 - 10*s. Let g = -5544 + 5551. Let w be f(g). What is the highest common factor of w and 164?
41
Suppose 5*i - 2382 = -3*g, -2*i + 0*i + 952 = 2*g. Calculate the highest common factor of i and 171.
9
Suppose 0 = -8*f + 3*f + y + 15, -4*f - 5*y = -12. Let j be (0 - f/5) + 3756/60. Calculate the highest common factor of j and 124.
62
Suppose -2*r + 4 = 5*y, 3*r - 3*y - 2*y = 6. Let z = -3 + r. Let x be z/(-1) + (-145)/10*-2. What is the greatest common factor of x and 45?
15
Let f = 8902 + -8897. What is the greatest common divisor of 2515 and f?
5
Let n(z) = -z**3 + 9*z**2 - 8*z + 6. Let b be n(6). Suppose 11275*f = 11544*f - 8877. What is the highest common factor of f and b?
33
Let r be (-66)/495 - (-249)/90*8. What is the highest common divisor of r and 122?
2
Suppose 4*l = f + 2763, -4*l + 932 + 1861 = 5*f. What is the highest common factor of l and 20?
4
Suppose -4*v + 14*v = -10. Let l be (v - 4/(-8))/(3/(-24)). Suppose l*y = -4*b + 92, -b - 12 = 4*y - 89. What is the greatest common factor of y and 162?
18
Suppose -120*i + 85 = -115*i. Suppose i*k = 12*k - 5*a + 660, 2*k = a + 258. What is the highest common factor of k and 26?
26
Suppose -5*n + 3*w - 107 + 463 = 0, 2*n + 2*w = 136. What is the greatest common divisor of n and 190?
10
Suppose -5*y = -4*j - 3, -j + 7 + 11 = 5*y. Suppose -1064*k - 45 = -1069*k. What is the highest common factor of k and y?
3
Let a = -100 + 309. Let g = a + -134. Suppose 0 = 2*u - c - g, 4*c - 168 = -8*u + 3*u. Calculate the greatest common divisor of 36 and u.
36
Suppose 29 = 2*c - 71. Suppose 3*z + 13 - 38 = x, 4*x - c = -3*z. Let j be ((-8)/z)/(16/(-120)). Calculate the greatest common divisor of 9 and j.
3
Let t be -4*(-1)/4 + (-52)/(-13). Suppose 5*f = 4*f + 2*v + 62, -t*v + 5 = 0. Calculate the greatest common divisor of f and 544.
32
Suppose -2*t + j + 4 = -0*t, -t + j = -3. Let d = -45 + 50. Suppose -2*m - 7*y + 3*y + 12 = 0, d*y + 5 = 0. Calculate the greatest common factor of m and t.
1
Let h(i) = i**3 + 2*i**2 + 8*i - 126. Let o be h(7). What is the greatest common factor of 175 and o?
7
Let q = -4683 - -4848. Let c(m) = -3*m**3 + 2*m**2 + 1. Let w be c(-2). What is the greatest common factor of w and q?
33
Let x(l) be the third derivative of -l**4/24 + 13*l**3/3 + 4*l**2 + 5*l. Let w be x(7). Calculate the greatest common divisor of 589 and w.
19
Suppose 2*j + 7 = y + 183, 5*j - 4*y = 434. Calculate the highest common factor of j and 34920.
90
Let t = -19235 - -19310. What is the greatest common factor of 291 and t?
3
Let i be (-3)/((-9)/8409) - 36/(-6). Calculate the greatest common factor of 53 and i.
53
Suppose 305 = 2*s - 195. Let a be ((-36)/(-10))/(15/s). Let f be a/35*3*7. What is the highest common divisor of 54 and f?
18
Suppose 260859 - 398424 - 508899 = -64*m. Calculate the greatest common divisor of m and 1365.
273
Let x be ((-132)/22)/(4/(24/(-9))). Suppose -2*m + x*s = -28, s + 0 = 5. What is the greatest common factor of m and 33?
3
Let y be (148/222)/(2*(-1)/(-843)). Calculate the greatest common divisor of 2 and y.
1
Let t be (1/15)/(2/12)*310. Suppose 12*q - t = 260. Calculate the highest common divisor of 208 and q.
16
Suppose 162*v - 167*v + 446 = 2*f, 6*v = -3*f + 672. Calculate the greatest common divisor of 190 and f.
38
Let p be 78*(-1)/9*-24. What is the greatest common factor of 2132 and p?
52
Suppose -4*d + 4*k = 224, 2*d - k - 3*k + 120 = 0. Let g = 77 + d. What is the greatest common divisor of 5 and g?
5
Suppose 0 = 51*b - 74*b + 276. What is the greatest common factor of b and 496?
4
Let j be (1 - -65)/(4/6). Suppose -5*k + 5*h = -2313 + 578, k - 299 = 4*h. What is the greatest common factor of k and j?
33
Let v = 32 - 29. Suppose -2 + v = -i. Let j be 2 + (-15)/5 - (-10 + i). Calculate the highest common divisor of 5 and j.
5
Let z be ((-3600)/21)/(291/(-17654)). Calculate the highest common divisor of z and 50.
50
Let r(z) = 26*z + 3. Let h be r(-2). Suppose 342 = -15*c - 33. Let b = c - h. Calculate the greatest common f